{"id":21,"date":"2021-10-14T16:22:50","date_gmt":"2021-10-14T19:22:50","guid":{"rendered":"https:\/\/semanacientifica.unsa.edu.ar\/?page_id=21"},"modified":"2025-10-06T13:02:37","modified_gmt":"2025-10-06T16:02:37","slug":"informacion","status":"publish","type":"page","link":"https:\/\/semana.exa.unsa.edu.ar\/","title":{"rendered":"Informaci\u00f3n"},"content":{"rendered":"\n<div class=\"wp-block-media-text is-stacked-on-mobile is-vertically-aligned-center\" style=\"grid-template-columns:68% auto\"><figure class=\"wp-block-media-text__media\"><img loading=\"lazy\" decoding=\"async\" width=\"1024\" height=\"768\" src=\"https:\/\/semana.exa.unsa.edu.ar\/wp-content\/uploads\/2022\/07\/72407107_104293350985508_4852914072082972672_n-1024x768.jpg\" alt=\"\" class=\"wp-image-201 size-full\" srcset=\"https:\/\/semana.exa.unsa.edu.ar\/wp-content\/uploads\/2022\/07\/72407107_104293350985508_4852914072082972672_n-1024x768.jpg 1024w, https:\/\/semana.exa.unsa.edu.ar\/wp-content\/uploads\/2022\/07\/72407107_104293350985508_4852914072082972672_n-600x450.jpg 600w, https:\/\/semana.exa.unsa.edu.ar\/wp-content\/uploads\/2022\/07\/72407107_104293350985508_4852914072082972672_n-300x225.jpg 300w, https:\/\/semana.exa.unsa.edu.ar\/wp-content\/uploads\/2022\/07\/72407107_104293350985508_4852914072082972672_n-768x576.jpg 768w, https:\/\/semana.exa.unsa.edu.ar\/wp-content\/uploads\/2022\/07\/72407107_104293350985508_4852914072082972672_n-1536x1152.jpg 1536w, https:\/\/semana.exa.unsa.edu.ar\/wp-content\/uploads\/2022\/07\/72407107_104293350985508_4852914072082972672_n.jpg 1836w\" sizes=\"auto, (max-width: 1024px) 100vw, 1024px\" \/><\/figure><div class=\"wp-block-media-text__content\">\n<blockquote class=\"wp-block-quote is-layout-flow wp-block-quote-is-layout-flow\">\n<p class=\"has-header-gradient-color has-text-color has-link-color wp-elements-b561363ae8ad584da496105f8e13c006\"><em><strong>Con m\u00e1s de 20 a\u00f1os de trayectoria, la Semana Cient\u00edfica busca despertar vocaciones cient\u00edficas, inspirar a las nuevas generaciones y mostrar a la comunidad los \u00faltimos avances en investigaci\u00f3n.<\/strong><\/em><\/p>\n<\/blockquote>\n<\/div><\/div>\n\n\n\n<hr class=\"wp-block-separator has-text-color has-white-color has-alpha-channel-opacity has-white-background-color has-background\"\/>\n\n\n\n<p class=\"has-black-color has-text-color has-link-color has-medium-font-size wp-elements-5b1f9d0af66e5626ad80a3cdc4479b93\">Esta <strong>feria ofrecer\u00e1 exposiciones interactivas, demostraciones y actividades <\/strong>dise\u00f1adas para que los asistentes puedan conocer de cerca el trabajo cient\u00edfico y sus aplicaciones en la vida cotidiana.<\/p>\n\n\n\n<p class=\"has-black-color has-text-color has-link-color has-medium-font-size wp-elements-9ea9de3557edab6b4469dff93e6affdc\"><\/p>\n\n\n\n<div class=\"wp-block-columns is-layout-flex wp-container-core-columns-is-layout-28f84493 wp-block-columns-is-layout-flex\">\n<div class=\"wp-block-column is-layout-flow wp-block-column-is-layout-flow\">\n<figure class=\"wp-block-image size-full\"><a href=\"https:\/\/docs.google.com\/forms\/d\/e\/1FAIpQLSejv_uTzJsyiJ454agN05b1_rZqGqfZqdSh4lMK_Rjuin4nRQ\/viewform\"><img loading=\"lazy\" decoding=\"async\" width=\"768\" height=\"768\" src=\"https:\/\/semanacientifica.unsa.edu.ar\/wp-content\/uploads\/2024\/10\/INSCRIPCIONES-INVESTIGADORES.png\" alt=\"\" class=\"wp-image-1231\" srcset=\"https:\/\/semana.exa.unsa.edu.ar\/wp-content\/uploads\/2024\/10\/INSCRIPCIONES-INVESTIGADORES.png 768w, https:\/\/semana.exa.unsa.edu.ar\/wp-content\/uploads\/2024\/10\/INSCRIPCIONES-INVESTIGADORES-300x300.png 300w, https:\/\/semana.exa.unsa.edu.ar\/wp-content\/uploads\/2024\/10\/INSCRIPCIONES-INVESTIGADORES-150x150.png 150w, https:\/\/semana.exa.unsa.edu.ar\/wp-content\/uploads\/2024\/10\/INSCRIPCIONES-INVESTIGADORES-600x600.png 600w, https:\/\/semana.exa.unsa.edu.ar\/wp-content\/uploads\/2024\/10\/INSCRIPCIONES-INVESTIGADORES-160x160.png 160w\" sizes=\"auto, (max-width: 768px) 100vw, 768px\" \/><\/a><\/figure>\n<\/div>\n\n\n\n<div class=\"wp-block-column is-layout-flow wp-block-column-is-layout-flow\">\n<figure class=\"wp-block-image size-full\"><a href=\"https:\/\/docs.google.com\/forms\/d\/e\/1FAIpQLSeycuHrmgAIJ9vSQE3MXT5xcDdMjj4rLhN0-sfNKb0A6MuCkw\/viewform\"><img loading=\"lazy\" decoding=\"async\" width=\"768\" height=\"768\" src=\"https:\/\/semanacientifica.unsa.edu.ar\/wp-content\/uploads\/2024\/10\/INSCRIPCIONES-INVESTIGADORES-1.png\" alt=\"\" class=\"wp-image-1232\" srcset=\"https:\/\/semana.exa.unsa.edu.ar\/wp-content\/uploads\/2024\/10\/INSCRIPCIONES-INVESTIGADORES-1.png 768w, https:\/\/semana.exa.unsa.edu.ar\/wp-content\/uploads\/2024\/10\/INSCRIPCIONES-INVESTIGADORES-1-300x300.png 300w, https:\/\/semana.exa.unsa.edu.ar\/wp-content\/uploads\/2024\/10\/INSCRIPCIONES-INVESTIGADORES-1-150x150.png 150w, https:\/\/semana.exa.unsa.edu.ar\/wp-content\/uploads\/2024\/10\/INSCRIPCIONES-INVESTIGADORES-1-600x600.png 600w, https:\/\/semana.exa.unsa.edu.ar\/wp-content\/uploads\/2024\/10\/INSCRIPCIONES-INVESTIGADORES-1-160x160.png 160w\" sizes=\"auto, (max-width: 768px) 100vw, 768px\" \/><\/a><\/figure>\n<\/div>\n\n\n\n<div class=\"wp-block-column is-layout-flow wp-block-column-is-layout-flow\"><div class=\"wp-block-image\">\n<figure class=\"aligncenter size-full\"><a href=\"https:\/\/semana.exa.unsa.edu.ar\/?page_id=1395\"><img loading=\"lazy\" decoding=\"async\" width=\"640\" height=\"640\" src=\"https:\/\/semanacientifica.unsa.edu.ar\/wp-content\/uploads\/2024\/10\/INSCRIPCIONES-INVESTIGADORES-10-1.png\" alt=\"\" class=\"wp-image-1275\" srcset=\"https:\/\/semana.exa.unsa.edu.ar\/wp-content\/uploads\/2024\/10\/INSCRIPCIONES-INVESTIGADORES-10-1.png 640w, https:\/\/semana.exa.unsa.edu.ar\/wp-content\/uploads\/2024\/10\/INSCRIPCIONES-INVESTIGADORES-10-1-300x300.png 300w, https:\/\/semana.exa.unsa.edu.ar\/wp-content\/uploads\/2024\/10\/INSCRIPCIONES-INVESTIGADORES-10-1-150x150.png 150w, https:\/\/semana.exa.unsa.edu.ar\/wp-content\/uploads\/2024\/10\/INSCRIPCIONES-INVESTIGADORES-10-1-600x600.png 600w, https:\/\/semana.exa.unsa.edu.ar\/wp-content\/uploads\/2024\/10\/INSCRIPCIONES-INVESTIGADORES-10-1-160x160.png 160w\" sizes=\"auto, (max-width: 640px) 100vw, 640px\" \/><\/a><\/figure>\n<\/div><\/div>\n<\/div>\n\n\n\n<p class=\"has-white-color has-header-gradient-background-color has-text-color has-background has-link-color wp-elements-bf15a7a68f5526c647230a9fdf4909d2\"><strong>CRONOGRAMA DE STANDS<\/strong><\/p>\n\n\n\n<div class=\"wp-block-columns is-layout-flex wp-container-core-columns-is-layout-28f84493 wp-block-columns-is-layout-flex\">\n<div class=\"wp-block-column is-layout-flow wp-block-column-is-layout-flow\"><\/div>\n\n\n\n<div class=\"wp-block-column is-layout-flow wp-block-column-is-layout-flow\"><\/div>\n<\/div>\n\n\n\n<div class=\"wp-block-columns is-layout-flex wp-container-core-columns-is-layout-28f84493 wp-block-columns-is-layout-flex\">\n<div class=\"wp-block-column is-layout-flow wp-block-column-is-layout-flow\"><\/div>\n\n\n\n<div class=\"wp-block-column is-layout-flow wp-block-column-is-layout-flow\"><\/div>\n<\/div>\n\n\n\n<div class=\"wp-block-columns is-layout-flex wp-container-core-columns-is-layout-28f84493 wp-block-columns-is-layout-flex\">\n<div class=\"wp-block-column is-layout-flow wp-block-column-is-layout-flow\"><\/div>\n\n\n\n<div class=\"wp-block-column is-layout-flow wp-block-column-is-layout-flow\"><\/div>\n<\/div>\n\n\n\n<div class=\"wp-block-media-text is-stacked-on-mobile\"><figure class=\"wp-block-media-text__media\"><img loading=\"lazy\" decoding=\"async\" width=\"1024\" height=\"1024\" src=\"https:\/\/semana.exa.unsa.edu.ar\/wp-content\/uploads\/2025\/10\/5-1024x1024.png\" alt=\"\" class=\"wp-image-1510 size-full\" srcset=\"https:\/\/semana.exa.unsa.edu.ar\/wp-content\/uploads\/2025\/10\/5-1024x1024.png 1024w, https:\/\/semana.exa.unsa.edu.ar\/wp-content\/uploads\/2025\/10\/5-300x300.png 300w, https:\/\/semana.exa.unsa.edu.ar\/wp-content\/uploads\/2025\/10\/5-150x150.png 150w, https:\/\/semana.exa.unsa.edu.ar\/wp-content\/uploads\/2025\/10\/5-768x768.png 768w, https:\/\/semana.exa.unsa.edu.ar\/wp-content\/uploads\/2025\/10\/5-600x600.png 600w, https:\/\/semana.exa.unsa.edu.ar\/wp-content\/uploads\/2025\/10\/5-160x160.png 160w, https:\/\/semana.exa.unsa.edu.ar\/wp-content\/uploads\/2025\/10\/5.png 1080w\" sizes=\"auto, (max-width: 1024px) 100vw, 1024px\" \/><\/figure><div class=\"wp-block-media-text__content\">\n<p class=\"has-black-color has-text-color has-link-color wp-elements-3cb22c63f2cfce2ceffd629139ece5a1\">El Instituto de Investigaciones en Energ\u00eda No Convencional (INENCO-CONICET), junto a la Facultad de Ciencias Exactas y la Facultad de Ciencias Naturales, invitan a todos los investigadores, estudiantes y becarios a participar de la Feria de la Ciencia, que se llevar\u00e1 a cabo los d\u00edas <strong>29 y 30 de Octubre en el Parque Experimental del INENCO y el Gimnasio A, ubicado en el predio universitario de Av. Bolivia 5150, Salta.<\/strong><\/p>\n\n\n\n<p class=\"has-black-color has-text-color has-link-color wp-elements-a715de24aa20ca5dd445eab46105e801\"><strong>Los interesados en presentar sus investigaciones, proyectos y experiencias tendr\u00e1n hasta el 17 de octubre de 2025 para inscribirse<\/strong>. Esta es una oportunidad \u00fanica para compartir el trabajo cient\u00edfico y tecnol\u00f3gico con la comunidad, promoviendo el inter\u00e9s por la ciencia y la innovaci\u00f3n.<\/p>\n\n\n\n<p class=\"has-black-color has-text-color has-link-color wp-elements-a07503819443c4b0dd284a75cd907c71\">Asimismo, <strong>las inscripciones para los centros educativos estar\u00e1n abiertas hasta el 22 de octubre de 2025.<\/strong> <strong>Es totalmente gratuita la participaci\u00f3n.<\/strong> Invitamos a todos los centros educativos de la provincia de Salta, incluyendo nivel inicial, primario, secundario, terciario y t\u00e9cnico, a participar de esta celebraci\u00f3n del conocimiento. La feria ofrece un entorno ideal para que los estudiantes descubran el mundo de la ciencia y se inspiren en el trabajo de investigadores locales.<\/p>\n<\/div><\/div>\n\n\n\n<hr class=\"wp-block-separator has-text-color has-white-color has-alpha-channel-opacity has-white-background-color has-background\"\/>\n\n\n\n<p class=\"has-text-align-center has-header-gradient-color has-text-color has-link-color has-medium-font-size wp-elements-8d171631cc15c688a676f0dd22850dbd\"><strong>\u00a1S\u00famate a la Feria Cient\u00edfica 2025 y forma parte de esta experiencia \u00fanica <\/strong><\/p>\n\n\n\n<p class=\"has-text-align-center has-header-gradient-color has-text-color has-link-color has-medium-font-size wp-elements-6db77f46281ea46faf2ccc25092f658a\"><strong>donde la ciencia y la tecnolog\u00eda cobran vida para toda la comunidad!<\/strong><\/p>\n\n\n\n<hr class=\"wp-block-separator has-text-color has-white-color has-alpha-channel-opacity has-white-background-color has-background\"\/>\n\n\n\n<p><\/p>\n","protected":false},"excerpt":{"rendered":"<p>Esta feria ofrecer\u00e1 exposiciones interactivas, demostraciones y actividades dise\u00f1adas para que los asistentes puedan conocer de cerca el trabajo cient\u00edfico y sus aplicaciones en la vida cotidiana. CRONOGRAMA DE STANDS El Instituto de Investigaciones en Energ\u00eda No Convencional (INENCO-CONICET), junto a la Facultad de Ciencias Exactas y la Facultad de [&hellip;]<\/p>\n","protected":false},"author":2,"featured_media":0,"parent":0,"menu_order":0,"comment_status":"closed","ping_status":"closed","template":"","meta":{"footnotes":""},"class_list":["post-21","page","type-page","status-publish","hentry"],"_links":{"self":[{"href":"https:\/\/semana.exa.unsa.edu.ar\/index.php?rest_route=\/wp\/v2\/pages\/21","targetHints":{"allow":["GET"]}}],"collection":[{"href":"https:\/\/semana.exa.unsa.edu.ar\/index.php?rest_route=\/wp\/v2\/pages"}],"about":[{"href":"https:\/\/semana.exa.unsa.edu.ar\/index.php?rest_route=\/wp\/v2\/types\/page"}],"author":[{"embeddable":true,"href":"https:\/\/semana.exa.unsa.edu.ar\/index.php?rest_route=\/wp\/v2\/users\/2"}],"replies":[{"embeddable":true,"href":"https:\/\/semana.exa.unsa.edu.ar\/index.php?rest_route=%2Fwp%2Fv2%2Fcomments&post=21"}],"version-history":[{"count":90,"href":"https:\/\/semana.exa.unsa.edu.ar\/index.php?rest_route=\/wp\/v2\/pages\/21\/revisions"}],"predecessor-version":[{"id":1514,"href":"https:\/\/semana.exa.unsa.edu.ar\/index.php?rest_route=\/wp\/v2\/pages\/21\/revisions\/1514"}],"wp:attachment":[{"href":"https:\/\/semana.exa.unsa.edu.ar\/index.php?rest_route=%2Fwp%2Fv2%2Fmedia&parent=21"}],"curies":[{"name":"wp","href":"https:\/\/api.w.org\/{rel}","templated":true}]}}

Información

<div class="wp-block-media-text is-stacked-on-mobile is-vertically-aligned-center" style="grid-template-columns:68% auto"><figure class="wp-block-media-text__media"><img loading="lazy" decoding="async" width="1024" height="768" src="https://semana.exa.unsa.edu.ar/wp-content/uploads/2022/07/72407107_104293350985508_4852914072082972672_n-1024x768.jpg" alt="" class="wp-image-201 size-full" srcset="https://semana.exa.unsa.edu.ar/wp-content/uploads/2022/07/72407107_104293350985508_4852914072082972672_n-1024x768.jpg 1024w, https://semana.exa.unsa.edu.ar/wp-content/uploads/2022/07/72407107_104293350985508_4852914072082972672_n-600x450.jpg 600w, https://semana.exa.unsa.edu.ar/wp-content/uploads/2022/07/72407107_104293350985508_4852914072082972672_n-300x225.jpg 300w, https://semana.exa.unsa.edu.ar/wp-content/uploads/2022/07/72407107_104293350985508_4852914072082972672_n-768x576.jpg 768w, https://semana.exa.unsa.edu.ar/wp-content/uploads/2022/07/72407107_104293350985508_4852914072082972672_n-1536x1152.jpg 1536w, https://semana.exa.unsa.edu.ar/wp-content/uploads/2022/07/72407107_104293350985508_4852914072082972672_n.jpg 1836w" sizes="auto, (max-width: 1024px) 100vw, 1024px" /></figure><div class="wp-block-media-text__content">
<blockquote class="wp-block-quote is-layout-flow wp-block-quote-is-layout-flow">
<p class="has-header-gradient-color has-text-color has-link-color wp-elements-b561363ae8ad584da496105f8e13c006"><em><strong>Con más de 20 años de trayectoria, la Semana Científica busca despertar vocaciones científicas, inspirar a las nuevas generaciones y mostrar a la comunidad los últimos avances en investigación.</strong></em></p>
</blockquote>
</div></div>



<hr class="wp-block-separator has-text-color has-white-color has-alpha-channel-opacity has-white-background-color has-background"/>



<p class="has-black-color has-text-color has-link-color has-medium-font-size wp-elements-5b1f9d0af66e5626ad80a3cdc4479b93">Esta <strong>feria ofrecerá exposiciones interactivas, demostraciones y actividades </strong>diseñadas para que los asistentes puedan conocer de cerca el trabajo científico y sus aplicaciones en la vida cotidiana.</p>



<p class="has-black-color has-text-color has-link-color has-medium-font-size wp-elements-9ea9de3557edab6b4469dff93e6affdc"></p>



<div class="wp-block-columns is-layout-flex wp-container-core-columns-is-layout-28f84493 wp-block-columns-is-layout-flex">
<div class="wp-block-column is-layout-flow wp-block-column-is-layout-flow">
<figure class="wp-block-image size-full"><a href="https://docs.google.com/forms/d/e/1FAIpQLSejv_uTzJsyiJ454agN05b1_rZqGqfZqdSh4lMK_Rjuin4nRQ/viewform"><img loading="lazy" decoding="async" width="768" height="768" src="https://semanacientifica.unsa.edu.ar/wp-content/uploads/2024/10/INSCRIPCIONES-INVESTIGADORES.png" alt="" class="wp-image-1231" srcset="https://semana.exa.unsa.edu.ar/wp-content/uploads/2024/10/INSCRIPCIONES-INVESTIGADORES.png 768w, https://semana.exa.unsa.edu.ar/wp-content/uploads/2024/10/INSCRIPCIONES-INVESTIGADORES-300x300.png 300w, https://semana.exa.unsa.edu.ar/wp-content/uploads/2024/10/INSCRIPCIONES-INVESTIGADORES-150x150.png 150w, https://semana.exa.unsa.edu.ar/wp-content/uploads/2024/10/INSCRIPCIONES-INVESTIGADORES-600x600.png 600w, https://semana.exa.unsa.edu.ar/wp-content/uploads/2024/10/INSCRIPCIONES-INVESTIGADORES-160x160.png 160w" sizes="auto, (max-width: 768px) 100vw, 768px" /></a></figure>
</div>



<div class="wp-block-column is-layout-flow wp-block-column-is-layout-flow">
<figure class="wp-block-image size-full"><a href="https://docs.google.com/forms/d/e/1FAIpQLSeycuHrmgAIJ9vSQE3MXT5xcDdMjj4rLhN0-sfNKb0A6MuCkw/viewform"><img loading="lazy" decoding="async" width="768" height="768" src="https://semanacientifica.unsa.edu.ar/wp-content/uploads/2024/10/INSCRIPCIONES-INVESTIGADORES-1.png" alt="" class="wp-image-1232" srcset="https://semana.exa.unsa.edu.ar/wp-content/uploads/2024/10/INSCRIPCIONES-INVESTIGADORES-1.png 768w, https://semana.exa.unsa.edu.ar/wp-content/uploads/2024/10/INSCRIPCIONES-INVESTIGADORES-1-300x300.png 300w, https://semana.exa.unsa.edu.ar/wp-content/uploads/2024/10/INSCRIPCIONES-INVESTIGADORES-1-150x150.png 150w, https://semana.exa.unsa.edu.ar/wp-content/uploads/2024/10/INSCRIPCIONES-INVESTIGADORES-1-600x600.png 600w, https://semana.exa.unsa.edu.ar/wp-content/uploads/2024/10/INSCRIPCIONES-INVESTIGADORES-1-160x160.png 160w" sizes="auto, (max-width: 768px) 100vw, 768px" /></a></figure>
</div>



<div class="wp-block-column is-layout-flow wp-block-column-is-layout-flow"><div class="wp-block-image">
<figure class="aligncenter size-full"><a href="https://semana.exa.unsa.edu.ar/?page_id=1395"><img loading="lazy" decoding="async" width="640" height="640" src="https://semanacientifica.unsa.edu.ar/wp-content/uploads/2024/10/INSCRIPCIONES-INVESTIGADORES-10-1.png" alt="" class="wp-image-1275" srcset="https://semana.exa.unsa.edu.ar/wp-content/uploads/2024/10/INSCRIPCIONES-INVESTIGADORES-10-1.png 640w, https://semana.exa.unsa.edu.ar/wp-content/uploads/2024/10/INSCRIPCIONES-INVESTIGADORES-10-1-300x300.png 300w, https://semana.exa.unsa.edu.ar/wp-content/uploads/2024/10/INSCRIPCIONES-INVESTIGADORES-10-1-150x150.png 150w, https://semana.exa.unsa.edu.ar/wp-content/uploads/2024/10/INSCRIPCIONES-INVESTIGADORES-10-1-600x600.png 600w, https://semana.exa.unsa.edu.ar/wp-content/uploads/2024/10/INSCRIPCIONES-INVESTIGADORES-10-1-160x160.png 160w" sizes="auto, (max-width: 640px) 100vw, 640px" /></a></figure>
</div></div>
</div>



<p class="has-white-color has-header-gradient-background-color has-text-color has-background has-link-color wp-elements-bf15a7a68f5526c647230a9fdf4909d2"><strong>CRONOGRAMA DE STANDS</strong></p>



<div class="wp-block-columns is-layout-flex wp-container-core-columns-is-layout-28f84493 wp-block-columns-is-layout-flex">
<div class="wp-block-column is-layout-flow wp-block-column-is-layout-flow"></div>



<div class="wp-block-column is-layout-flow wp-block-column-is-layout-flow"></div>
</div>



<div class="wp-block-columns is-layout-flex wp-container-core-columns-is-layout-28f84493 wp-block-columns-is-layout-flex">
<div class="wp-block-column is-layout-flow wp-block-column-is-layout-flow"></div>



<div class="wp-block-column is-layout-flow wp-block-column-is-layout-flow"></div>
</div>



<div class="wp-block-columns is-layout-flex wp-container-core-columns-is-layout-28f84493 wp-block-columns-is-layout-flex">
<div class="wp-block-column is-layout-flow wp-block-column-is-layout-flow"></div>



<div class="wp-block-column is-layout-flow wp-block-column-is-layout-flow"></div>
</div>



<div class="wp-block-media-text is-stacked-on-mobile"><figure class="wp-block-media-text__media"><img loading="lazy" decoding="async" width="1024" height="1024" src="https://semana.exa.unsa.edu.ar/wp-content/uploads/2025/10/5-1024x1024.png" alt="" class="wp-image-1510 size-full" srcset="https://semana.exa.unsa.edu.ar/wp-content/uploads/2025/10/5-1024x1024.png 1024w, https://semana.exa.unsa.edu.ar/wp-content/uploads/2025/10/5-300x300.png 300w, https://semana.exa.unsa.edu.ar/wp-content/uploads/2025/10/5-150x150.png 150w, https://semana.exa.unsa.edu.ar/wp-content/uploads/2025/10/5-768x768.png 768w, https://semana.exa.unsa.edu.ar/wp-content/uploads/2025/10/5-600x600.png 600w, https://semana.exa.unsa.edu.ar/wp-content/uploads/2025/10/5-160x160.png 160w, https://semana.exa.unsa.edu.ar/wp-content/uploads/2025/10/5.png 1080w" sizes="auto, (max-width: 1024px) 100vw, 1024px" /></figure><div class="wp-block-media-text__content">
<p class="has-black-color has-text-color has-link-color wp-elements-3cb22c63f2cfce2ceffd629139ece5a1">El Instituto de Investigaciones en Energía No Convencional (INENCO-CONICET), junto a la Facultad de Ciencias Exactas y la Facultad de Ciencias Naturales, invitan a todos los investigadores, estudiantes y becarios a participar de la Feria de la Ciencia, que se llevará a cabo los días <strong>29 y 30 de Octubre en el Parque Experimental del INENCO y el Gimnasio A, ubicado en el predio universitario de Av. Bolivia 5150, Salta.</strong></p>



<p class="has-black-color has-text-color has-link-color wp-elements-a715de24aa20ca5dd445eab46105e801"><strong>Los interesados en presentar sus investigaciones, proyectos y experiencias tendrán hasta el 17 de octubre de 2025 para inscribirse</strong>. Esta es una oportunidad única para compartir el trabajo científico y tecnológico con la comunidad, promoviendo el interés por la ciencia y la innovación.</p>



<p class="has-black-color has-text-color has-link-color wp-elements-a07503819443c4b0dd284a75cd907c71">Asimismo, <strong>las inscripciones para los centros educativos estarán abiertas hasta el 22 de octubre de 2025.</strong> <strong>Es totalmente gratuita la participación.</strong> Invitamos a todos los centros educativos de la provincia de Salta, incluyendo nivel inicial, primario, secundario, terciario y técnico, a participar de esta celebración del conocimiento. La feria ofrece un entorno ideal para que los estudiantes descubran el mundo de la ciencia y se inspiren en el trabajo de investigadores locales.</p>
</div></div>



<hr class="wp-block-separator has-text-color has-white-color has-alpha-channel-opacity has-white-background-color has-background"/>



<p class="has-text-align-center has-header-gradient-color has-text-color has-link-color has-medium-font-size wp-elements-8d171631cc15c688a676f0dd22850dbd"><strong>¡Súmate a la Feria Científica 2025 y forma parte de esta experiencia única </strong></p>



<p class="has-text-align-center has-header-gradient-color has-text-color has-link-color has-medium-font-size wp-elements-6db77f46281ea46faf2ccc25092f658a"><strong>donde la ciencia y la tecnología cobran vida para toda la comunidad!</strong></p>



<hr class="wp-block-separator has-text-color has-white-color has-alpha-channel-opacity has-white-background-color has-background"/>



<p></p>

<p>Esta feria ofrecerá exposiciones interactivas, demostraciones y actividades diseñadas para que los asistentes puedan conocer de cerca el trabajo científico y sus aplicaciones en la vida cotidiana. CRONOGRAMA DE STANDS El Instituto de Investigaciones en Energía No Convencional (INENCO-CONICET), junto a la Facultad de Ciencias Exactas y la Facultad de [&hellip;]</p>
